. Suppose -p*k - 2*k = -1315. Is k a prime number?
True
Suppose 2*z + 5 = 9. Suppose h = 3*f - 391, z*h - 58 = 4*f - 582. Is f a prime number?
False
Suppose 0 = m - 4*w - 381, -3*m - 723 = -5*m - 5*w. Let z = m - -890. Is z a prime number?
True
Let d be 3 - 28*(2 - 1). Let c = d + 24. Is (c - -2)*(8 - -51) composite?
False
Suppose 0 = -96*n + 87*n + 50013. Is n composite?
False
Suppose -15*z + 357138 = 3*z. Is z prime?
True
Let n(s) be the first derivative of -152*s**2 - s - 30. Is n(-6) composite?
False
Suppose 4*j + 1042 = 2*n, 11*j + 1036 = 2*n + 10*j. Is n a prime number?
False
Let w = 18373 - 12134. Is w composite?
True
Suppose 0 = y - 978 - 991. Is y prime?
False
Suppose 0 = 5*d - 3*p + 1955, -4*d = -3*p + 5*p + 1542. Let n = -153 - d. Is n prime?
False
Suppose 0 = -2*r - 3*d - 12, r - 5*r - 3*d - 12 = 0. Suppose -13*f + 10188 + 3683 = r. Is f prime?
False
Suppose 5*d = 2*q + 39333, 5*d - 30640 - 8696 = -q. Is d a prime number?
True
Suppose 73 + 14 = 3*r. Is r/(-3 + (-32)/(-10)) prime?
False
Suppose 5*d + n + 4*n - 26085 = 0, -5*d - 3*n = -26093. Is d a prime number?
False
Let z = -143 - -44. Let h be 31 + -69 - (-1 + (1 - 1)). Let t = h - z. Is t a prime number?
False
Suppose 3*m - 3*q - 885 = 0, 0 = -2*m - 5*q + 299 + 256. Suppose -3*s + 487 = 3*n + 52, 2*s - m = -4*n. Is s composite?
True
Suppose 0 = -0*r + 5*r - 2490. Suppose 0 = -d + r + 1161. Suppose 4*m - d = m. Is m a prime number?
False
Suppose a - j = -50 + 1502, 5*a + j - 7236 = 0. Suppose -3*d - 5*v = -a, -2*v = d - 3*d + 960. Is d prime?
False
Let i = -19 + 24. Suppose i*l + 0*l - 4*y - 660 = 0, 665 = 5*l - 5*y. Let a = l - 51. Is a composite?
True
Let p(d) = 2*d**2 + d + 1. Let i be p(-1). Suppose -88 = i*v - 0*v. Let y = 11 - v. Is y composite?
True
Let w(a) = 11247*a - 4. Is w(1) composite?
False
Let b = 11857 - 14. Is b composite?
True
Suppose 3*c + 8*g - 7*g + 7048 = 0, 4*c = -5*g - 9379. Let l = -1074 - c. Is l a prime number?
True
Suppose -372 = -0*v + 6*v. Is (v/(-6))/((-13)/(-39)) prime?
True
Suppose 5*j - 9 = -0*s + 4*s, -3*j = 9. Let b(z) = -z**3 + 7*z**2 + 3*z - 7. Is b(s) a prime number?
True
Suppose 22*m - 1659 = 15*m. Is m a composite number?
True
Suppose -9*g + 15669 = 2*y - 8*g, -3*y + 23536 = -5*g. Is y prime?
False
Suppose -5*w + 25 = 0, -5344 = -3*u + w + 93. Is u*(-2)/(-6 - -2) a prime number?
True
Let x be (-356)/36 + 4/(-36). Is -406*(2 - (-25)/x) a prime number?
False
Suppose -5*c + 7 = 27. Is (1/4)/(5/(-152080)*c) composite?
False
Is 2/(-11) + (-244)/(-88)*294 prime?
False
Suppose 4*j - 5*f + 95 = 31, 0 = 5*j + f + 109. Let p be 4*(3 - j/(-6)). Is p + (1 - (-3 + -24)) prime?
False
Suppose 28*x - 35*x = -18263. Is x prime?
True
Let o be (-963)/(-63) + 2/(-7). Let b = -8 + o. Suppose -b*c = -3*c - 716. Is c prime?
True
Suppose 31 = b - 17. Suppose 3*m + m = b. Let q = m - -9. Is q a prime number?
False
Suppose -4*v - 2 = 5*g, -4*g = -v - v - 14. Suppose g*l = -1396 + 5654. Is l composite?
False
Suppose 117 = 12*l - 2427. Let h be (-1 - -3)/((-1)/(-3)). Suppose -l = -h*g + 2*g. Is g prime?
True
Let a = -2 - -4. Let n(q) = a - 51*q - 2 - 32*q. Is n(-2) a prime number?
False
Suppose -l - 3*l - 5*s + 351 = 0, -l + 93 = -4*s. Is l composite?
False
Let f = 80 - 74. Is 10/2 - (f - 308) a composite number?
False
Let p(b) = 9895*b + 84. Is p(1) a prime number?
False
Suppose 4*w + 5 - 1 = 0. Let b be 0 + 3 + (0 - w). Suppose -k - 4*k + 109 = b*j, -4*j - 80 = -4*k. Is k composite?
True
Suppose -x - 21 = -16, -4*z = x - 23871. Is z prime?
False
Suppose g - 2*y + y + 1286 = 0, -2578 = 2*g + y. Is -1 - 2 - (-8 + g - -2) prime?
True
Suppose 1 = f - 4. Suppose -5*s = -f, s = -a - 3*s + 6. Suppose -a*p = -3*p + 53. Is p a composite number?
False
Is (-26041)/(-2) - 1*(-3)/6 composite?
True
Let i be (20/3 - -2) + (-2)/3. Is (-4)/16 - (1 + (-4178)/i) prime?
True
Let m = 159262 + -96653. Is m a composite number?
True
Let q = -32754 - -64265. Is q a composite number?
False
Let q be 22/10 - 17/85. Suppose 5*z - 5583 = q*f, 6*z - 7*z = f - 1111. Is z prime?
False
Let q = -37738 + 64127. Is q composite?
True
Let g(p) = p**2 - 8*p. Let b be g(8). Suppose 0 = 2*s + 4*l - 70, b = -l + 3 - 4. Is s composite?
False
Suppose -4*i - 510 = -2*c, -4*i - 660 = i + 5*c. Let h = -27 - i. Let d = 59 + h. Is d a prime number?
False
Let d be 0 - (-4)/2*1. Suppose -d*t - 2*t = 0. Suppose 4*x = t, -y + x + 5 = 3. Is y prime?
True
Suppose 17*u = 21*u - 10684. Is u a composite number?
False
Is ((-6)/18)/((-1425)/711 - -2) prime?
True
Suppose 2*q = -19*u + 21*u - 7436, 3*u - 11159 = 4*q. Is u a prime number?
False
Let o = 16724 + -6591. Is o a prime number?
True
Let s(v) = 2672*v + 953. Is s(48) composite?
False
Suppose p + 75 = 6*p. Suppose 17*l - p*l = 958. Is l prime?
True
Let j be (0 - -4)*(-3 - -4). Suppose -j*x + 15 = -x. Suppose 0 = -x*r + 535 + 240. Is r prime?
False
Is 121528/20 - 4/((-40)/6) prime?
False
Suppose 0*m = -2*m + 1332. Suppose 0 = 2*v + o - 445, -3*v + o - 4*o = -m. Is v a composite number?
False
Let t = -23 + 25. Suppose j - 4*c = 113, -2*j + c + 377 = t*j. Is j prime?
False
Let t be 1/(-1)*(-5 + -1 + 4). Suppose 0 = -5*y - o + 18934, 4*y = t*y - 5*o + 7569. Is y composite?
True
Let c be (-38 + -5)/((-3)/6). Suppose r - d + 82 = 0, -3*d + c = -r - d. Let q = r - -409. Is q a prime number?
True
Let t be 20/(-4) - -3 - -3 - -1279. Suppose -4598 = -6*d - t. Is d a prime number?
False
Let k(u) = -u**3 + 12*u**2 - 14*u + 13. Let b be k(10). Let o = -43 + b. Let y = 1 + o. Is y prime?
True
Let b = -699 - -1569. Suppose -5*g + 9 = -2*g. Suppose -g*a + b = 3*a. Is a a prime number?
False
Suppose 0 = -24*t + 632043 - 227523. Is t composite?
True
Suppose -35 = 4*d - 11. Let o(p) = 7*p**3 - 17*p**2 + 3*p + 24. Let z(n) = -11*n**3 + 26*n**2 - 5*n - 37. Let b(c) = -8*o(c) - 5*z(c). Is b(d) prime?
True
Suppose 5*d - 337 = 16823. Suppose -2*v - 1270 = -d. Is v a prime number?
False
Let n = 50 - 46. Suppose -4*g + g - 3*s + 5949 = 0, -n*g + s = -7952. Is g a composite number?
False
Suppose -43*u - 14295 = -48*u. Suppose -29*i + 32*i - u = 0. Is i composite?
False
Let c(a) be the second derivative of -3*a**3 + 19*a**2/2 - 10*a. Is c(-16) composite?
False
Suppose -17 = 4*y + 5*r, -3*y + 5*y = 2*r + 14. Suppose y*p + 45 - 2131 = 0. Is p composite?
True
Suppose -3*q = -7*q + 1528. Is (-6)/24 - 134*q/(-16) a composite number?
True
Let a = 106606 - 61487. Is a a composite number?
False
Let l(o) = 683*o + 27 + 26 + 134*o - 66. Is l(2) a composite number?
False
Let k = 374 - 531. Suppose 3*v - 2*v + 1136 = 4*i, -2*v = 0. Let d = k + i. Is d composite?
False
Let g be 12/(-9) + (-1981)/(-3). Let j = -440 + g. Is j a composite number?
True
Suppose -4*v = -5*w - 508060, -2*v + 304819 = -3*w - 3*v. Is (-4)/18 + w/(-72) a composite number?
True
Suppose 0 = 5*c - c - 4. Is 549/(3 + -2)*c/3 a prime number?
False
Let r be (-4)/(-16) - (-1)/(-4). Suppose -4*w - 4 = 3*k, r = -7*w + 2*w - 4*k - 4. Let x(v) = 2*v**2 + v + 3. Is x(w) a composite number?
False
Let c(h) = -32*h + 7. Let g(t) = -33*t + 8. Let v(o) = -7*c(o) + 6*g(o). Let k be v(-3). Is (-2)/(-3 - 235/k) prime?
True
Suppose 791 = v + 4*b, -17*v - 3*b + 2373 = -14*v. Is v a prime number?
False
Suppose 4*q - 120 = 96. Suppose -q*x = -59*x + 19675. Is x a composite number?
True
Is -3*((-40)/5 + -36333) prime?
False
Let p = -9602 - -30373. Is p a prime number?
True
Suppose -2*j = 7*j - 6588. Suppose 0 = 3*d - 219 - j. Is d a prime number?
True
Suppose l + l = v - 12, -5*v - 4*l = -4. Suppose 2*o + o - 4*x = 8, -3*x = v*o + 6. Suppose -d + 5*k = d - 143, o = d - k - 64. Is d composite?
False
Let a(f) = f**2 - 6*f + 13. Suppose -3*m = -t + 2*t - 21, -4 = m + 4*t. Let o be a(m). Let s = 42 - o. Is s a prime number?
True
Let f(h) = -h**3 + 41*h**2 + 45*h + 84. Is f(25) a prime number?
False
Suppose 5*t + 2*k = -60240 + 511351, -3*k - 270675 = -3*t. Is t composite?
True
Let d = -25 + 30. Let l(y) = y**2 - 3*y - 3. Let b be l(d). Suppose -b*c = -0*c - 1099. Is c prime?
True
Let o(j) = -j**2 + 8*j + 21. Let h be o(19). Let m = h + 334. Is m a prime number?
False
Let c = 53 + -61. Is (122 - (c + 4)) + 1 prime?
True
Let m = -45 + 51. Suppose m*g = 13362 + 3084. Is g composite?
False
Suppose 0 = -33*c + 637519 + 97886. Is c a prime number?
False
Let u = 12 -